
18
Let r be 10/(-3)*(-48)/10. Let z = 43510 + -43374. Calculate the greatest common factor of z and r.
8
Suppose 21*m + 33*m = 51380 + 51706. Calculate the highest common divisor of 332 and m.
83
Let d be (-2366)/(-8)*(0 + -4). Let c = -580 - d. Let p = c + -53. Calculate the greatest common factor of p and 50.
50
Let x = 696 - 638. Suppose -60*j = -x*j - 128. What is the highest common factor of j and 352?
32
Let c(f) = -3*f**2 + 52*f - 129. Let j be c(14). Calculate the greatest common divisor of j and 9053.
11
Let a(f) = f**2 - 6*f - 2. Let v be a(7). Suppose 4*k = v*q + 25, -16 = -3*k + q - 0*q. Calculate the highest common divisor of k and 15.
5
Suppose -2925 - 7078 = -380*p + 4817. Suppose 0 = b - 0*b - 13. What is the greatest common divisor of b and p?
13
Suppose 0 + 24 = 6*q. Suppose -q*t - 4*j = -84, 2*j = t - 3*j - 39. Let i(d) = d**2 - 13*d - 6. Let a be i(14). Calculate the highest common factor of t and a.
8
Suppose -2*c - 4*m + 16 = 0, -4*c - 3*m + 44 = -7*m. Suppose 5*p - c*p = -4*f - 386, 4*p = -4*f + 280. What is the highest common divisor of 222 and p?
74
Suppose 81*y - 14847 = -20*y. What is the greatest common divisor of y and 10437?
147
Suppose p + 221 = a, 2*p - 1070 = -8*a + 3*a. Suppose a*i - 320 = 215*i. Calculate the highest common divisor of i and 128.
64
Let j(w) = -w**3 - 2*w**2 + 1. Let n be j(-1). Let f = n + 22. Suppose -4*t = d - 13 + 11, 0 = 5*d - 3*t - 10. What is the highest common factor of d and f?
2
Let p be 2/(-3) + 464/(-24). Let f = 47 + p. Let r be (-7106)/(-33) + (-6)/(-9). Calculate the highest common factor of f and r.
27
Suppose 5*z = -5*x + 1835 + 2365, 2*z = x - 819. What is the greatest common factor of x and 272?
17
Let q = 290 + -85. Suppose q + 71 = 4*a. Calculate the greatest common factor of a and 3.
3
Let g be 3/(-9) - (-19765)/201. What is the highest common divisor of 6762 and g?
98
Let h(p) = -p**2 - 11*p - 10. Let f be h(-7). Let o(g) = g**3 - 19*g**2 - 65*g + 2. Let q be o(22). Calculate the greatest common factor of q and f.
6
Suppose 0 = -11*x + 3948 - 98. Let s = 398 - x. Calculate the greatest common divisor of 216 and s.
24
Let z be (-9 - -96)/(-2*1)*-2. Calculate the highest common factor of 7221 and z.
87
Let l = 4411 + -4355. Calculate the highest common factor of l and 252.
28
Suppose k = -19 + 25. Suppose 0 = -k*s - 55 + 169. Let h(i) = 15*i - 14. Let v be h(6). What is the highest common divisor of s and v?
19
Let z(l) = -l**2 + 39*l - 49. Let t be (2 - -26) + 10/25*5. Let a be z(t). Let r = 331 - a. Calculate the highest common factor of r and 44.
22
Let y(v) = -3 + 79*v**2 - 30*v**2 - 3 + 5. Let j(q) = q**2 + 7*q + 1. Let u be j(-7). Let c be y(u). Calculate the greatest common factor of 6 and c.
6
Suppose 3*t - 417 = -4*n, 0 = -t - 49*n + 46*n + 129. What is the greatest common divisor of t and 126?
21
Let q = -9190 + 40088. What is the highest common factor of 14 and q?
14
Let v(r) = -r**2 - 4*r + 8. Let a be v(2). Let x be (175/(-28))/(1/a). Let i = x - -23. What is the greatest common divisor of i and 64?
16
Suppose 16*t = -202 - 134. Let y be (-1 + t - 2)*(-374)/33. What is the greatest common factor of 34 and y?
34
Let x = -9980 - -10008. What is the highest common divisor of 928 and x?
4
Suppose 3*n = 6, x - n + 14061 - 16254 = 0. What is the highest common factor of 5 and x?
5
Let r(a) = -14*a**2 + 1162*a - 216. Let d be r(64). Calculate the greatest common divisor of d and 44.
44
Let m(t) = 4*t + 37. Let n be m(-7). Let d be 2418/30 + n/(-15). Calculate the greatest common divisor of d and 64.
16
Suppose 0 = -5*w + 2*l - 6*l + 117, 10*w + 5*l = 225. Calculate the highest common divisor of 1299 and w.
3
Suppose 24 = 2*f - 2*p, -2*f + 13 = -4*p - 5. Suppose -f*v = -223 - 17. Calculate the greatest common divisor of 176 and v.
16
Let f(j) = 9*j**2 + 10*j - 3. Let p be f(-6). Let i be (-6 - (-231)/28)/((-14)/(-56)). Calculate the greatest common factor of p and i.
9
Let s be 354/2 - (-2 + 1). Suppose -a + 5*a = -5*p + 346, -7*a + 629 = -3*p. Calculate the highest common divisor of s and a.
89
Let o(v) = 13*v - 19. Let k be o(5). Let s = 61 + 8. What is the greatest common factor of s and k?
23
Let z = -266 + 56. Let t = z + 220. Let c = 66 - -94. Calculate the highest common factor of c and t.
10
Suppose -809 + 25 = -7*z. Suppose 5*r + 2*x - 296 = 0, -r = r + 4*x - z. Let h be ((-40)/(-6))/(2/9). Calculate the greatest common factor of r and h.
30
Let i(y) = -6*y**3 - 2*y**2 - y + 15. Let h be i(-3). Let f be (-34 - -6)/(-2 + 1). Suppose f*v = 26*v + 36. What is the highest common divisor of v and h?
18
Let p(x) = -65 - 152*x - 143 + 171*x. Let g be p(15). Calculate the greatest common divisor of 55 and g.
11
Suppose 34*p = 29*p + 390. What is the highest common factor of p and 481?
13
Let n be 7 - (99/6 + -17)/((-2)/(-12)). Calculate the highest common factor of n and 20290.
10
Let x(w) = w**2 + 11*w - 56. Let g be x(-15). Suppose -2*a + 5*d - 3*d = -34, 0 = -4*a - g*d + 84. Calculate the highest common divisor of a and 152.
19
Let f(j) = -1. Let k(d) = -3*d - 7. Let p(a) = 6*f(a) + k(a). Let u be p(-6). Suppose u*s - 7 = 18. What is the highest common divisor of s and 25?
5
Suppose 4*c - 3784 = 4*w, 1 - 3 = 2*w. Calculate the highest common divisor of c and 495.
45
Let a(h) = -187*h + 2060. Let q be a(11). What is the greatest common factor of 912 and q?
3
Suppose 2*b - 106 = 3*z + 133, -4*z - 484 = -4*b. Calculate the highest common factor of 3038 and b.
62
Let l(j) = j**2 + 12*j + 15. Let x be l(-17). Suppose -94*m + x*m - 108 = 0. Calculate the greatest common factor of m and 9.
9
Let v(p) = p**3 - 2*p**2 + 100*p + 3560. Let c be v(0). Calculate the highest common divisor of 40 and c.
40
Let z(u) be the first derivative of -u**2 - 7*u - 1. Suppose -10*f + 38 = 98. Let v be z(f). What is the greatest common factor of 15 and v?
5
Suppose 1028 = 51*w - 7540. What is the greatest common factor of w and 903?
21
Suppose 2*j - 3*j = -2. Let x be (-2)/3*(-104 - -2)*(-3)/(-6). Calculate the greatest common divisor of j and x.
2
Let l(b) = -b**3 - 6*b**2 + b + 19. Let j be l(-6). Suppose 11*o - 5*s = 9*o + 182, 3*s = -3*o + 273. What is the greatest common factor of o and j?
13
Suppose -38*z - 6 = -41*z. Let x(p) = 15*p**2 - 6*p + 4. Let t be x(z). What is the greatest common factor of t and 286?
26
Suppose -4805 - 9694 = -10*l + 21. Calculate the highest common divisor of 660 and l.
132
Suppose -210 = -7*d + 4*d. Let w = 435 - 379. Calculate the highest common divisor of d and w.
14
Let a = -8690 + 11206. Calculate the greatest common factor of 444 and a.
148
Let n = -473 - -466. Let y(w) = w**3 + 6*w**2 - 15*w - 44. Let b be y(n). What is the greatest common divisor of b and 8?
4
Suppose 0 = -4*y - 2*m + 72594, 4*y = -543*m + 546*m + 72609. What is the greatest common divisor of y and 150?
150
Suppose -76*l = 1023 - 1262 - 1281. What is the greatest common factor of 245 and l?
5
Suppose 264*o + 4341 = 3*v + 265*o, 5*v + 3*o - 7243 = 0. Calculate the greatest common divisor of v and 425.
85
Let w be 4 + -3 + -2*(-5 + 2). Suppose 2*q - 352 = -2*y - 134, 2*q = -3*y + 215. What is the greatest common divisor of w and q?
7
Suppose 8*r - 6 = 26. Suppose i + r*c = 163, i - 4*c + c = 128. Let w = -1 + 14. Calculate the greatest common factor of i and w.
13
Let r = 15 - -44. Suppose 0*y + 3*y - 234 = 0. Suppose 2*c - y = 3*u, u - 83 = -4*c + r. Calculate the greatest common factor of 24 and c.
12
Let g = 9480 - 9390. Calculate the highest common factor of g and 90.
90
Let y(b) = b**2 - 16*b - 38. Let r be y(18). Let h be (39/(-18) - r) + 409/6. Suppose -h = -4*d + 16. What is the highest common factor of d and 14?
7
Suppose -5*z = 5*u - 11349 - 5716, 5*u - 4*z - 17056 = 0. Calculate the greatest common factor of 4 and u.
4
Suppose -w - 3*l + 31 = 0, -2 = -l + 2. Suppose w*d + 0*d = 456. Calculate the highest common factor of 276 and d.
12
Suppose 219*f - 1673919 = -28*f. What is the greatest common divisor of 81 and f?
27
Suppose -11*c = 474 - 518. Let r be c + 1618/9 + (-14)/(-63). What is the highest common divisor of 8 and r?
8
Suppose -79*r + 3384 + 5832 = -15*r. Calculate the greatest common divisor of 1776 and r.
48
Let g(n) = -4*n**2 - 35*n + 41. Let q be (-3 - (-